4 = 4*v, 0 = 2*o + 2*o + 2*v - 8. Suppose 2*g + 2295 = o*g - f, 0 = -4*g + 4*f + 4600. Is g composite?
True
Is ((-7283)/3)/(18 - (-4165)/(-231)) a prime number?
False
Is (-36)/24*5442/(-9) a prime number?
True
Suppose -2*t - 35535 = -5*t. Let u = t - 6833. Suppose 0 = 4*l + 7*z - 3*z - u, l - z = 1253. Is l a prime number?
False
Suppose 5*h + 13 = -2*v, 3*h - 3*v + 6 + 6 = 0. Is (-932)/6*h/2 composite?
False
Let c = 332 + 4139. Is c a composite number?
True
Suppose 27*z - 1036320 = 643323. Is z a composite number?
True
Let k = 611 - 408. Let v = -294 - -1382. Suppose 5*u - v = -k. Is u prime?
False
Suppose -99 + 51 = -4*q. Is (-8)/q*2901/(-2) a composite number?
False
Let w(q) = -2*q**2 + 7*q + 9. Let n be w(7). Suppose 669 + 15 = 4*d. Let o = d + n. Is o a prime number?
True
Suppose 22*a - 14980 = 8494. Is a prime?
False
Let j = -16453 - -24462. Is j prime?
True
Let z(p) = p**2 - p + 1. Let o(v) = 4*v**2 + 10*v - 8. Let w(f) = o(f) + 10*z(f). Let n be w(-3). Let m = n + -33. Is m composite?
True
Suppose -3*n + 171 = 4*o, -5*o + 6*o = n + 34. Suppose 42*p = o*p + 885. Is p composite?
True
Let u = -115 - -123. Let f(q) = 192*q - 23. Is f(u) composite?
True
Suppose -9 = -i - 3. Suppose -i*f + 9*f + 3 = 0. Is f/(0 + 2/(-934)) a composite number?
False
Let p(l) = l**3 - l**2 - l. Let j(w) = -7*w**3 + 9*w**2 + 7*w - 1. Let d(o) = o + 1. Let h be d(5). Let q(c) = h*p(c) + j(c). Is q(-6) composite?
False
Let r = 493 + -193. Suppose -2*v + 11 - 3 = 0. Suppose -o + v*o - 4*x = 253, 0 = -4*o - 4*x + r. Is o a prime number?
True
Let t(g) = g**2 - 6*g + 7. Let a be t(5). Suppose -a*h + 2*j + 3*j = -28, 0 = j + 4. Suppose h*r - 5*i + 29 = 337, r - 2*i - 77 = 0. Is r a prime number?
False
Suppose -2*l + 20 = j, -52 = -8*j + 3*j + 2*l. Is (j/(-9))/((-5)/((-20190)/(-4))) composite?
True
Suppose 4*s = -5*s + 1530. Suppose v - 479 = 3*z, 3*v - 1293 = -4*z + s. Is v a prime number?
False
Suppose x + 8*v - 9*v - 10 = 0, 5*x + 2*v - 50 = 0. Suppose 0 = -0*n + n - 982. Suppose 12*i = x*i + n. Is i a prime number?
True
Suppose 8*g = 236 + 148. Let k be 12/(-8)*(-1 + -1). Suppose 2*o + 3*s = 37, s = -k*o - 2*s + g. Is o composite?
False
Let s be 2*(-4)/(-8)*-1*-5. Suppose 2*i + 4533 = s*i. Is i prime?
True
Is (41/5 + -8)*64445 a composite number?
False
Let t = -21783 + 32470. Is t prime?
True
Suppose 108*k = 176906 - 110. Is k a composite number?
False
Is 232533/9 + (-12)/(-3) prime?
True
Let c = -8 - -11. Suppose -5*g - c*t + 3600 = 0, 2*g + t - 1670 = -231. Is g a composite number?
True
Suppose -669707 + 137522 = -15*d. Is d composite?
True
Is (-6 - (9 + -24)) + 7484 composite?
True
Suppose 6*r - 1516 - 2114 = 0. Suppose -h - 4*h = -r. Is h a prime number?
False
Let d = -7 - -11. Let b be 28740*(d - 50/15). Suppose -2*a = 6*a - b. Is a prime?
False
Let r(j) = 1246*j + 239. Is r(3) composite?
True
Let k = -63 - -67. Suppose -k*s + 293 = -359. Is s prime?
True
Suppose -367975 = 3*d - 28*d. Is d composite?
True
Suppose 2*s = 4*j + 16, 3*j - 10 + 4 = -3*s. Suppose -s*k + 803 = -3*k. Is k a prime number?
False
Is (-9)/24 + (-810)/144 - -78701 a prime number?
False
Suppose -4*d + 6 = 2*i, 0 = -6*d + 7*d. Suppose -2*t + 9 + 1 = 0. Suppose -i*y = 5*s - 1621, y = t*y - 8. Is s prime?
False
Suppose 0 = -4*c - 0*c. Suppose -2*k - 756 = -2*v - 0*v, c = 5*v - 3*k - 1880. Is v a composite number?
False
Let h(f) = -f**2 - 5*f + 1. Let k be h(-4). Suppose -r = -3*r + 3170. Suppose 0*o = k*o - r. Is o prime?
True
Is (10/(-4))/(504362/72052 + -7) composite?
True
Suppose 3*u = 5*b + 1 + 14, -4*b = -4*u + 20. Suppose -u*r = -518 - 4107. Suppose 5*x - r = 130. Is x composite?
False
Let h(f) = -f + 5. Let u be h(0). Let n be 30/u*(-2)/(-4). Suppose 2*k = -n*k + 610. Is k a composite number?
True
Let m be (1 - 2 - -1903) + (4 - 1). Is (-2)/(-1) - (-2 - m) composite?
True
Is ((13/(-2))/(-1))/(73/79862) composite?
True
Let a(o) = o**3 + 4*o**2 - 4*o - 3. Let r be a(-4). Suppose 0 = -9*y + r*y - 2484. Let f = 884 - y. Is f a composite number?
False
Suppose -11334 = 8*l - 57454. Is l a prime number?
False
Suppose 5*i = -2*g + 14, -2*g + 3*i + 97 = 3*g. Let q = 18 - g. Let v(n) = 95*n - 1. Is v(q) composite?
True
Let a(s) = 305*s**2 - 5*s + 21. Is a(-7) a composite number?
True
Is 54/18 + 77*20 prime?
True
Let z(b) be the first derivative of 13*b**4/4 + 5*b**3/3 - 2*b**2 + 5*b + 40. Is z(2) a prime number?
False
Suppose -4*d + g + 4 = 8, 4 = -4*d + 3*g. Let b(a) = 3*a + 2 - 39*a**3 + 17*a**3 - 14*a**3. Is b(d) composite?
True
Let a be 1 + 218 - (3 - 1). Let b be (a/14)/((-1)/(-2)). Let f = b + 54. Is f a composite number?
True
Suppose -4*b - 2*r + 782 + 382 = 0, 3*b - 2*r = 887. Is b prime?
True
Let l(j) be the third derivative of 43*j**7/1260 + j**6/144 + j**5/30 + j**4/4 + 7*j**2. Let g(x) be the second derivative of l(x). Is g(-3) a prime number?
False
Suppose -24 = -3*z + 3. Is 1/3 - ((-2310)/z - 2) a prime number?
False
Let l = 7 + -4. Suppose 0 = -2*h + h + 2. Suppose 58 = r - l*z, r - 198 = -h*r + z. Is r prime?
True
Let i(w) = 763*w**2 + 7*w. Let m be i(-5). Suppose 9*u - m - 21343 = 0. Is u composite?
True
Suppose 6*y + 4*w - 1190 = 5*y, -5*y + w + 5992 = 0. Is y a composite number?
True
Suppose 62*p = 68*p - 324534. Is p a prime number?
False
Let l be (-45)/(-20) - (-1)/(-4). Suppose -a + l = 0, -2*a + 145 = -3*o + 462. Suppose -3*m - u + o = u, 6 = -3*u. Is m a composite number?
False
Let l = -19 - -15. Is (l + 1 - -4)/((-2)/(-974)) a prime number?
True
Let r(q) = -2*q**3 + 79*q**3 + 2*q + 50*q**3 - 1 + 107*q**3 + 22*q**3. Let p = 2 + -1. Is r(p) prime?
True
Let l = 15825 - 8249. Let j = l - 4643. Is j prime?
False
Suppose 0 = -4*v + 4*u + 20, -3 + 1 = -2*v - 2*u. Let a = v + 1. Suppose -a*g = -2*g - 4, 10 = 4*s + g. Is s a composite number?
False
Let v = 1256 - 101. Let h = -773 + v. Suppose -4*t - 5*b + 199 = -565, -2*t + h = 3*b. Is t prime?
True
Let h(a) = a**3 + 10*a**2 + 8*a - 4. Let f be h(-9). Let z = 2285 + -870. Suppose z = f*g + 160. Is g prime?
True
Let o(n) = -n**3 - 6*n**2 + n + 6. Let y be o(-6). Suppose 3*h + h - 632 = y. Is h a composite number?
True
Let d = -10981 + 33882. Is d a composite number?
False
Let a(s) = s + 15. Let n be a(-11). Let j(i) = 6*i**2 + 2*i - 3. Let c(z) = 6*z**2 + 3*z - 3. Let h(p) = n*c(p) - 3*j(p). Is h(-4) composite?
True
Suppose 1439 = -k + 10002. Is k prime?
True
Let n be (-1)/4 - (-29)/4. Let w(u) = 5*u - n + 3*u + 2*u. Is w(9) a prime number?
True
Let p = 4059 + 2006. Is p composite?
True
Let x = -22 - -684. Let d = 1293 - x. Is d a composite number?
False
Let q be 6/(3 + (-225)/70). Let k = -24 - q. Is (-2)/(k/778*-1) a composite number?
False
Suppose 65*h + 805395 = 80*h. Is h a composite number?
False
Let w be 4/6*(1 - -2). Suppose -381 = -w*p - 2*p + 5*h, 2*p = 3*h + 193. Is p a composite number?
False
Suppose -5 + 2 = z. Let o be (3 - (-4)/z)*-3. Let h(n) = -13*n - 6. Is h(o) a prime number?
True
Let j(w) = 10*w**2 + w + 3. Suppose 3*c + 10 = -2. Is j(c) a composite number?
True
Let s(g) = -2*g + 1. Let n be s(1). Let k(m) = 967*m**2 + m + 1. Is k(n) composite?
False
Let u = -9 + 18. Let d = u + -10. Is -201*((0 - d) + -2) composite?
True
Let n = -7 - -6. Let x = -94 - n. Let j = x + 151. Is j prime?
False
Let k be ((-28)/(-42))/(2/(-12)). Is (k - 1 - (-4 + 1))*-7 a prime number?
False
Suppose -2*r - 4*b + 172 = 0, -2*r + 89 + 101 = -5*b. Let p = r + 37. Is p a composite number?
False
Let w(u) = 3*u**2 + 8*u + 7. Suppose -y + 0*y - 14 = 0. Let s = -20 - y. Is w(s) a composite number?
False
Let f be (-37)/(-4) + (-1)/4. Let o(v) = v**3 - 2*v**2 - 12*v + 10. Is o(f) composite?
True
Suppose -2*k + 2484 = -4*i - 12382, 0 = 3*k - 4*i - 22299. Is k a composite number?
False
Let t be (-19 - -14)*36/(-20). Let z(n) = n + 13*n**2 - 14*n + 4*n**3 - 5*n**3 + 16. Is z(t) a prime number?
True
Let m be (-1719 + 24)/((-1)/2 + 0). Suppose 0*a + 4 = -4*a, 5*a + m = 5*c. Is c a composite number?
False
Let k = 13274 + -4637. Suppose -5*m + k = 1832. Is m prime?
True
Is 18 + 118172 + 2*(-2)/4 prime?
True
Is 421566/42 + ((-20)/(-14))/(-5) prime?
True
Is 117 + 2 + (-4)/(-2) composite?
True
Suppose -f + 173 = -0*f - 3*w, -4*w = 20. Is (-3)/(3/(3/1)) + f a composite number?
True
Let c = 17 - 15. Suppose -c*v + 246 + 136 = 0. Is v a composite number